{"id":563,"date":"2025-03-15T19:42:44","date_gmt":"2025-03-15T19:42:44","guid":{"rendered":"https:\/\/agroconta.es\/services\/"},"modified":"2025-03-15T19:49:08","modified_gmt":"2025-03-15T19:49:08","slug":"actuaciones","status":"publish","type":"page","link":"https:\/\/agroconta.es\/?page_id=563","title":{"rendered":"Actuaciones"},"content":{"rendered":"\n<div class=\"wp-block-uagb-container uagb-layout-flex uagb-block-edf9ad47 alignfull uagb-is-root-container\"><div class=\"uagb-container-inner-blocks-wrap\">\n<div class=\"wp-block-uagb-advanced-heading uagb-block-022836bc\"><p class=\"uagb-desc-text\">Servicios<\/p><h1 class=\"uagb-heading-text\">Impulsando la conservaci\u00f3n y educaci\u00f3n ambiental<\/h1><\/div>\n<\/div><\/div>\n\n\n\n<div class=\"wp-block-uagb-container uagb-block-a9da1e25 alignfull uagb-is-root-container\"><div class=\"uagb-container-inner-blocks-wrap\">\n<div class=\"wp-block-uagb-container uagb-layout-grid uagb-block-ec9486ee default uagb-is-root-container\">\n<div class=\"wp-block-uagb-info-box uagb-block-5a2bc621 uagb-infobox__content-wrap  uagb-infobox-icon-above-title uagb-infobox-image-valign-top wp-block-uagb-info-box--has-margin\"><div class=\"uagb-infobox-margin-wrapper\"><div class=\"uagb-ifb-content\"><div class=\"uagb-ifb-title-wrap\"><span class=\"uagb-ifb-title-prefix\">01<\/span><h2 class=\"uagb-ifb-title\">Proyectos de restauraci\u00f3n<\/h2><\/div><p class=\"uagb-ifb-desc\">Ofrecemos talleres educativos para fomentar la sensibilizaci\u00f3n sobre la biodiversidad y su conservaci\u00f3n. A trav\u00e9s de actividades pr\u00e1cticas y te\u00f3ricas, ense\u00f1amos a la comunidad sobre la importancia de los ecosistemas locales y las acciones que pueden implementar para protegerlos. Nuestros talleres est\u00e1n dise\u00f1ados para todas las edades y son gratuitos.<\/p><\/div><\/div><\/div>\n\n\n\n<div class=\"wp-block-uagb-image uagb-block-936d1125 wp-block-uagb-image--layout-default wp-block-uagb-image--effect-static wp-block-uagb-image--align-none\"><figure class=\"wp-block-uagb-image__figure\"><img decoding=\"async\" srcset=\"https:\/\/agroconta.es\/wp-content\/uploads\/2025\/03\/pexels-photo-3119957.jpeg ,https:\/\/agroconta.es\/wp-content\/uploads\/2025\/03\/pexels-photo-3119957.jpeg 780w, https:\/\/agroconta.es\/wp-content\/uploads\/2025\/03\/pexels-photo-3119957.jpeg 360w\" sizes=\"auto, (max-width: 480px) 150px\" src=\"https:\/\/agroconta.es\/wp-content\/uploads\/2025\/03\/pexels-photo-3119957.jpeg\" alt=\"\" class=\"uag-image-108\" width=\"522\" height=\"440\" title=\"services-01\" loading=\"lazy\" role=\"img\"\/><\/figure><\/div>\n<\/div>\n\n\n\n<div class=\"wp-block-uagb-container uagb-layout-grid uagb-block-932b0ea7 default uagb-is-root-container\">\n<div class=\"wp-block-uagb-image uagb-block-e214f383 wp-block-uagb-image--layout-default wp-block-uagb-image--effect-static wp-block-uagb-image--align-none\"><figure class=\"wp-block-uagb-image__figure\"><img decoding=\"async\" srcset=\"https:\/\/agroconta.es\/wp-content\/uploads\/2025\/03\/pexels-photo-2662156.jpeg ,https:\/\/agroconta.es\/wp-content\/uploads\/2025\/03\/pexels-photo-2662156.jpeg 780w, https:\/\/agroconta.es\/wp-content\/uploads\/2025\/03\/pexels-photo-2662156.jpeg 360w\" sizes=\"auto, (max-width: 480px) 150px\" src=\"https:\/\/agroconta.es\/wp-content\/uploads\/2025\/03\/pexels-photo-2662156.jpeg\" alt=\"\" class=\"uag-image-109\" width=\"522\" height=\"440\" title=\"services-02\" loading=\"lazy\" role=\"img\"\/><\/figure><\/div>\n\n\n\n<div class=\"wp-block-uagb-info-box uagb-block-38856887 uagb-infobox__content-wrap  uagb-infobox-icon-above-title uagb-infobox-image-valign-top wp-block-uagb-info-box--has-margin\"><div class=\"uagb-infobox-margin-wrapper\"><div class=\"uagb-ifb-content\"><div class=\"uagb-ifb-title-wrap\"><span class=\"uagb-ifb-title-prefix\">02<\/span><h2 class=\"uagb-ifb-title\">Educaci\u00f3n ecol\u00f3gica<\/h2><\/div><p class=\"uagb-ifb-desc\">Realizamos proyectos de restauraci\u00f3n ecol\u00f3gica en \u00e1reas degradadas de Almer\u00eda. Nuestro equipo trabaja junto a voluntarios para recuperar la flora y fauna aut\u00f3ctona, restaurando el equilibrio ecol\u00f3gico. Estas iniciativas no solo benefician al medio ambiente, sino que tambi\u00e9n fortalecen la cohesi\u00f3n comunitaria y el compromiso con la naturaleza.<\/p><\/div><\/div><\/div>\n<\/div>\n\n\n\n<div class=\"wp-block-uagb-container uagb-layout-grid uagb-block-91add4aa default uagb-is-root-container\">\n<div class=\"wp-block-uagb-info-box uagb-block-87dc43fa uagb-infobox__content-wrap  uagb-infobox-icon-above-title uagb-infobox-image-valign-top wp-block-uagb-info-box--has-margin\"><div class=\"uagb-infobox-margin-wrapper\"><div class=\"uagb-ifb-content\"><div class=\"uagb-ifb-title-wrap\"><span class=\"uagb-ifb-title-prefix\">03<\/span><h2 class=\"uagb-ifb-title\">Voluntariado ambiental<\/h2><\/div><p class=\"uagb-ifb-desc\">Promovemos la reducci\u00f3n de residuos a trav\u00e9s de programas de reciclaje y reutilizaci\u00f3n. Impulsamos campa\u00f1as de concienciaci\u00f3n para que los ciudadanos adopten pr\u00e1cticas sostenibles en sus hogares y negocios. Nuestro objetivo es reducir la huella ecol\u00f3gica de la comunidad, trabajando juntos hacia un futuro m\u00e1s limpio y saludable.<\/p><\/div><\/div><\/div>\n\n\n\n<div class=\"wp-block-uagb-image uagb-block-dcc4c013 wp-block-uagb-image--layout-default wp-block-uagb-image--effect-static wp-block-uagb-image--align-none\"><figure class=\"wp-block-uagb-image__figure\"><img decoding=\"async\" srcset=\"https:\/\/agroconta.es\/wp-content\/uploads\/2025\/03\/pexels-photo-3460010.jpeg ,https:\/\/agroconta.es\/wp-content\/uploads\/2025\/03\/pexels-photo-3460010.jpeg 780w, https:\/\/agroconta.es\/wp-content\/uploads\/2025\/03\/pexels-photo-3460010.jpeg 360w\" sizes=\"auto, (max-width: 480px) 150px\" src=\"https:\/\/agroconta.es\/wp-content\/uploads\/2025\/03\/pexels-photo-3460010.jpeg\" alt=\"\" class=\"uag-image-110\" width=\"522\" height=\"440\" title=\"services-04\" loading=\"lazy\" role=\"img\"\/><\/figure><\/div>\n<\/div>\n\n\n\n<div class=\"wp-block-uagb-container uagb-layout-grid uagb-block-d40cbe4f default uagb-is-root-container\">\n<div class=\"wp-block-uagb-image uagb-block-e6072c33 wp-block-uagb-image--layout-default wp-block-uagb-image--effect-static wp-block-uagb-image--align-none\"><figure class=\"wp-block-uagb-image__figure\"><img decoding=\"async\" srcset=\"https:\/\/agroconta.es\/wp-content\/uploads\/2025\/03\/pexels-photo-31079732.jpeg ,https:\/\/agroconta.es\/wp-content\/uploads\/2025\/03\/pexels-photo-31079732.jpeg 780w, https:\/\/agroconta.es\/wp-content\/uploads\/2025\/03\/pexels-photo-31079732.jpeg 360w\" sizes=\"auto, (max-width: 480px) 150px\" src=\"https:\/\/agroconta.es\/wp-content\/uploads\/2025\/03\/pexels-photo-31079732.jpeg\" alt=\"\" class=\"uag-image-105\" width=\"522\" height=\"440\" title=\"services-03\" loading=\"lazy\" role=\"img\"\/><\/figure><\/div>\n\n\n\n<div class=\"wp-block-uagb-info-box uagb-block-43b61b56 uagb-infobox__content-wrap  uagb-infobox-icon-above-title uagb-infobox-image-valign-top wp-block-uagb-info-box--has-margin\"><div class=\"uagb-infobox-margin-wrapper\"><div class=\"uagb-ifb-content\"><div class=\"uagb-ifb-title-wrap\"><span class=\"uagb-ifb-title-prefix\">04<\/span><h2 class=\"uagb-ifb-title\">Asesoramiento en sostenibilidad<\/h2><\/div><p class=\"uagb-ifb-desc\">Proporcionamos asesoramiento y apoyo a empresas y organizaciones en la implementaci\u00f3n de pr\u00e1cticas ecol\u00f3gicas. Ayudamos a desarrollar planes de sostenibilidad adaptados a sus necesidades, fomentando la responsabilidad ambiental en el sector empresarial. Nuestro enfoque est\u00e1 en crear un impacto positivo y duradero en la regi\u00f3n de Almer\u00eda.<\/p><\/div><\/div><\/div>\n<\/div>\n<\/div><\/div>\n\n\n\n<div class=\"wp-block-uagb-container uagb-layout-grid uagb-block-d17d52f5 alignfull uagb-is-root-container\"><div class=\"uagb-container-inner-blocks-wrap\">\n<div class=\"wp-block-uagb-image uagb-block-f5c79397 wp-block-uagb-image--layout-default wp-block-uagb-image--effect-static wp-block-uagb-image--align-none uag-hide-mob\"><figure class=\"wp-block-uagb-image__figure\"><img decoding=\"async\" srcset=\"https:\/\/agroconta.es\/wp-content\/uploads\/2025\/03\/espaciador.webp ,https:\/\/agroconta.es\/wp-content\/uploads\/2025\/03\/espaciador.webp 780w, https:\/\/agroconta.es\/wp-content\/uploads\/2025\/03\/espaciador.webp 360w\" sizes=\"auto, (max-width: 480px) 150px\" src=\"https:\/\/agroconta.es\/wp-content\/uploads\/2025\/03\/espaciador.webp\" alt=\"\" class=\"uag-image-887\" width=\"180\" height=\"180\" title=\"espaciador\" loading=\"lazy\" role=\"img\"\/><\/figure><\/div>\n\n\n\n<div class=\"wp-block-uagb-info-box uagb-block-e0e0877b uagb-infobox__content-wrap  uagb-infobox-icon-above-title uagb-infobox-image-valign-top wp-block-uagb-info-box--has-margin\"><div class=\"uagb-infobox-margin-wrapper\"><div class=\"uagb-ifb-content\"><div class=\"uagb-ifb-title-wrap\"><p class=\"uagb-ifb-title-prefix\">Act\u00faa Ahora<\/p><h2 class=\"uagb-ifb-title\">Contribuye a la Conservaci\u00f3n de la Naturaleza Hoy<\/h2><\/div><p class=\"uagb-ifb-desc\">\u00danete a nosotros y s\u00e9 parte del cambio hacia un futuro m\u00e1s verde y sostenible para Almer\u00eda.<\/p><div class=\"uagb-ifb-button-wrapper wp-block-button\"><a href=\"\/unete-a-almeriabiodiversa\" class=\"uagb-infobox-cta-link wp-block-button__link\" target=\"_self\" rel=\"noopener noreferrer\" onclick=\"return true;\"><span class=\"uagb-inline-editing\">\u00danete Ahora<\/span><\/a><\/div><\/div><\/div><\/div>\n\n\n\n<div class=\"wp-block-uagb-image uagb-block-7baf2f18 wp-block-uagb-image--layout-default wp-block-uagb-image--effect-static wp-block-uagb-image--align-none uag-hide-mob\"><figure class=\"wp-block-uagb-image__figure\"><img decoding=\"async\" srcset=\"https:\/\/agroconta.es\/wp-content\/uploads\/2025\/03\/espaciador.webp ,https:\/\/agroconta.es\/wp-content\/uploads\/2025\/03\/espaciador.webp 780w, https:\/\/agroconta.es\/wp-content\/uploads\/2025\/03\/espaciador.webp 360w\" sizes=\"auto, (max-width: 480px) 150px\" src=\"https:\/\/agroconta.es\/wp-content\/uploads\/2025\/03\/espaciador.webp\" alt=\"\" class=\"uag-image-887\" width=\"180\" height=\"180\" title=\"espaciador\" loading=\"lazy\" role=\"img\"\/><\/figure><\/div>\n<\/div><\/div>\n","protected":false},"excerpt":{"rendered":"<p>Servicios Impulsando la conservaci\u00f3n y educaci\u00f3n ambiental<\/p>\n","protected":false},"author":1,"featured_media":0,"parent":0,"menu_order":0,"comment_status":"closed","ping_status":"closed","template":"","meta":{"_uag_custom_page_level_css":"","ub_ctt_via":"","site-sidebar-layout":"default","site-content-layout":"","ast-site-content-layout":"","site-content-style":"default","site-sidebar-style":"default","ast-global-header-display":"","ast-banner-title-visibility":"","ast-main-header-display":"","ast-hfb-above-header-display":"","ast-hfb-below-header-display":"","ast-hfb-mobile-header-display":"","site-post-title":"disabled","ast-breadcrumbs-content":"","ast-featured-img":"","footer-sml-layout":"","theme-transparent-header-meta":"enabled","adv-header-id-meta":"","stick-header-meta":"","header-above-stick-meta":"","header-main-stick-meta":"","header-below-stick-meta":"","astra-migrate-meta-layouts":"default","ast-page-background-enabled":"default","ast-page-background-meta":{"desktop":{"background-color":"var(--ast-global-color-4)","background-image":"","background-repeat":"repeat","background-position":"center center","background-size":"auto","background-attachment":"scroll","background-type":"","background-media":"","overlay-type":"","overlay-color":"","overlay-opacity":"","overlay-gradient":""},"tablet":{"background-color":"","background-image":"","background-repeat":"repeat","background-position":"center center","background-size":"auto","background-attachment":"scroll","background-type":"","background-media":"","overlay-type":"","overlay-color":"","overlay-opacity":"","overlay-gradient":""},"mobile":{"background-color":"","background-image":"","background-repeat":"repeat","background-position":"center center","background-size":"auto","background-attachment":"scroll","background-type":"","background-media":"","overlay-type":"","overlay-color":"","overlay-opacity":"","overlay-gradient":""}},"ast-content-background-meta":{"desktop":{"background-color":"var(--ast-global-color-5)","background-image":"","background-repeat":"repeat","background-position":"center center","background-size":"auto","background-attachment":"scroll","background-type":"","background-media":"","overlay-type":"","overlay-color":"","overlay-opacity":"","overlay-gradient":""},"tablet":{"background-color":"var(--ast-global-color-5)","background-image":"","background-repeat":"repeat","background-position":"center center","background-size":"auto","background-attachment":"scroll","background-type":"","background-media":"","overlay-type":"","overlay-color":"","overlay-opacity":"","overlay-gradient":""},"mobile":{"background-color":"var(--ast-global-color-5)","background-image":"","background-repeat":"repeat","background-position":"center center","background-size":"auto","background-attachment":"scroll","background-type":"","background-media":"","overlay-type":"","overlay-color":"","overlay-opacity":"","overlay-gradient":""}},"_themeisle_gutenberg_block_has_review":false,"footnotes":""},"class_list":["post-563","page","type-page","status-publish","hentry"],"featured_image_src":null,"uagb_featured_image_src":{"full":false,"thumbnail":false,"medium":false,"medium_large":false,"large":false,"1536x1536":false,"2048x2048":false},"uagb_author_info":{"display_name":"admin","author_link":"https:\/\/agroconta.es\/?author=1"},"uagb_comment_info":0,"uagb_excerpt":"Servicios Impulsando la conservaci\u00f3n y educaci\u00f3n ambiental","_links":{"self":[{"href":"https:\/\/agroconta.es\/index.php?rest_route=\/wp\/v2\/pages\/563","targetHints":{"allow":["GET"]}}],"collection":[{"href":"https:\/\/agroconta.es\/index.php?rest_route=\/wp\/v2\/pages"}],"about":[{"href":"https:\/\/agroconta.es\/index.php?rest_route=\/wp\/v2\/types\/page"}],"author":[{"embeddable":true,"href":"https:\/\/agroconta.es\/index.php?rest_route=\/wp\/v2\/users\/1"}],"replies":[{"embeddable":true,"href":"https:\/\/agroconta.es\/index.php?rest_route=%2Fwp%2Fv2%2Fcomments&post=563"}],"version-history":[{"count":3,"href":"https:\/\/agroconta.es\/index.php?rest_route=\/wp\/v2\/pages\/563\/revisions"}],"predecessor-version":[{"id":853,"href":"https:\/\/agroconta.es\/index.php?rest_route=\/wp\/v2\/pages\/563\/revisions\/853"}],"wp:attachment":[{"href":"https:\/\/agroconta.es\/index.php?rest_route=%2Fwp%2Fv2%2Fmedia&parent=563"}],"curies":[{"name":"wp","href":"https:\/\/api.w.org\/{rel}","templated":true}]}}