{"id":46,"date":"2025-03-15T01:55:44","date_gmt":"2025-03-15T01:55:44","guid":{"rendered":"https:\/\/agroconta.es\/?page_id=46"},"modified":"2025-03-15T17:50:59","modified_gmt":"2025-03-15T17:50:59","slug":"pagina-1","status":"publish","type":"page","link":"https:\/\/agroconta.es\/?page_id=46","title":{"rendered":"Almeria biodiversa"},"content":{"rendered":"<h1>ALMER\u00cdA BIODIVERSA<\/h1>\n<h2>ESLOGAN<\/h2>\n<p>\t\t\t\t\t<a href=\"#\"><br \/>\n\t\t\t\t\t\t\t\t\tAyudar<br \/>\n\t\t\t\t\t<\/a><br \/>\n\t\t\t\t\t\t\t\t\t\t\t\t\t\t\t<img loading=\"lazy\" decoding=\"async\" width=\"734\" height=\"898\" src=\"https:\/\/agroconta.es\/wp-content\/uploads\/2025\/03\/Service-1-min.jpg\" alt=\"\" \/>\t\t\t\t\t\t\t\t\t\t\t\t\t\t\t<\/p>\n<h4>Restauraci\u00f3n y conservaci\u00f3n<\/h4>\n<p>Llevamos a cabo iniciativas de recuperaci\u00f3n de ecosistemas degradados, reforestaci\u00f3n y protecci\u00f3n de especies aut\u00f3ctonas. <\/p>\n<p>\t\t\t\t\t\t\t\t\t\t\t\t\t\t\t<img loading=\"lazy\" decoding=\"async\" width=\"734\" height=\"898\" src=\"https:\/\/agroconta.es\/wp-content\/uploads\/2025\/03\/Service-2-min.jpg\" alt=\"\" \/>\t\t\t\t\t\t\t\t\t\t\t\t\t\t\t<\/p>\n<h4>Talleres de concienciaci\u00f3n<\/h4>\n<p>Logos, merchandise and more. Anyone can create nice graphics. We think it\u2019s better to create memorable ones. <\/p>\n<p>\t\t\t\t\t\t\t\t\t\t\t\t\t\t\t<img loading=\"lazy\" decoding=\"async\" width=\"734\" height=\"898\" src=\"https:\/\/agroconta.es\/wp-content\/uploads\/2025\/03\/Service-3-min.jpg\" alt=\"\" \/>\t\t\t\t\t\t\t\t\t\t\t\t\t\t\t<\/p>\n<h4>Voluntariado<\/h4>\n<p>Want to attract people to your website?\u00a0 You have to have the best content in the world. That\u2019s what we do.<\/p>\n<h2>Sobre Nosotros<\/h2>\n<p>Bienvenido a Almer\u00eda Biodiversa, una asociaci\u00f3n comprometida con la conservaci\u00f3n y recuperaci\u00f3n de los espacios naturales de Almer\u00eda. Creemos en el poder de la comunidad para restaurar ecosistemas da\u00f1ados y preservar la biodiversidad \u00fanica de nuestra regi\u00f3n. \u00danete a nosotros en este camino hacia un futuro m\u00e1s sostenible.<\/p>\n<p>\t\t\t\t\t\t\t\t\t\t\t\t\t\t\t<img loading=\"lazy\" decoding=\"async\" width=\"1024\" height=\"762\" src=\"https:\/\/agroconta.es\/wp-content\/uploads\/2025\/03\/Our-Mission-min.jpg\" alt=\"\" \/>\t\t\t\t\t\t\t\t\t\t\t\t\t\t\t<\/p>\n<h2>Hablemos<\/h2>\n<p>Have any questions? We are always open to talk about your business, new projects, creative opportunities and how we can help you.<\/p>\n<p>\t\t\t\t\t<a href=\"#\"><br \/>\n\t\t\t\t\t\t\t\t\tGet In Touch<br \/>\n\t\t\t\t\t<\/a><\/p>\n","protected":false},"excerpt":{"rendered":"<p>ALMER\u00cdA BIODIVERSA ESLOGAN Ayudar Restauraci\u00f3n y conservaci\u00f3n Llevamos a cabo iniciativas de recuperaci\u00f3n de ecosistemas degradados, reforestaci\u00f3n y protecci\u00f3n de [&hellip;]<\/p>\n","protected":false},"author":1,"featured_media":0,"parent":0,"menu_order":0,"comment_status":"closed","ping_status":"closed","template":"elementor_header_footer","meta":{"_uag_custom_page_level_css":"","ub_ctt_via":"","site-sidebar-layout":"no-sidebar","site-content-layout":"","ast-site-content-layout":"full-width-container","site-content-style":"default","site-sidebar-style":"default","ast-global-header-display":"","ast-banner-title-visibility":"","ast-main-header-display":"","ast-hfb-above-header-display":"","ast-hfb-below-header-display":"","ast-hfb-mobile-header-display":"","site-post-title":"disabled","ast-breadcrumbs-content":"","ast-featured-img":"disabled","footer-sml-layout":"","theme-transparent-header-meta":"","adv-header-id-meta":"","stick-header-meta":"","header-above-stick-meta":"","header-main-stick-meta":"","header-below-stick-meta":"","astra-migrate-meta-layouts":"default","ast-page-background-enabled":"default","ast-page-background-meta":{"desktop":{"background-color":"var(--ast-global-color-4)","background-image":"","background-repeat":"repeat","background-position":"center center","background-size":"auto","background-attachment":"scroll","background-type":"","background-media":"","overlay-type":"","overlay-color":"","overlay-opacity":"","overlay-gradient":""},"tablet":{"background-color":"","background-image":"","background-repeat":"repeat","background-position":"center center","background-size":"auto","background-attachment":"scroll","background-type":"","background-media":"","overlay-type":"","overlay-color":"","overlay-opacity":"","overlay-gradient":""},"mobile":{"background-color":"","background-image":"","background-repeat":"repeat","background-position":"center center","background-size":"auto","background-attachment":"scroll","background-type":"","background-media":"","overlay-type":"","overlay-color":"","overlay-opacity":"","overlay-gradient":""}},"ast-content-background-meta":{"desktop":{"background-color":"var(--ast-global-color-5)","background-image":"","background-repeat":"repeat","background-position":"center center","background-size":"auto","background-attachment":"scroll","background-type":"","background-media":"","overlay-type":"","overlay-color":"","overlay-opacity":"","overlay-gradient":""},"tablet":{"background-color":"var(--ast-global-color-5)","background-image":"","background-repeat":"repeat","background-position":"center center","background-size":"auto","background-attachment":"scroll","background-type":"","background-media":"","overlay-type":"","overlay-color":"","overlay-opacity":"","overlay-gradient":""},"mobile":{"background-color":"var(--ast-global-color-5)","background-image":"","background-repeat":"repeat","background-position":"center center","background-size":"auto","background-attachment":"scroll","background-type":"","background-media":"","overlay-type":"","overlay-color":"","overlay-opacity":"","overlay-gradient":""}},"_themeisle_gutenberg_block_has_review":false,"footnotes":""},"class_list":["post-46","page","type-page","status-publish","hentry"],"featured_image_src":null,"uagb_featured_image_src":{"full":false,"thumbnail":false,"medium":false,"medium_large":false,"large":false,"1536x1536":false,"2048x2048":false},"uagb_author_info":{"display_name":"admin","author_link":"https:\/\/agroconta.es\/?author=1"},"uagb_comment_info":0,"uagb_excerpt":"ALMER\u00cdA BIODIVERSA ESLOGAN Ayudar Restauraci\u00f3n y conservaci\u00f3n Llevamos a cabo iniciativas de recuperaci\u00f3n de ecosistemas degradados, reforestaci\u00f3n y protecci\u00f3n de [&hellip;]","_links":{"self":[{"href":"https:\/\/agroconta.es\/index.php?rest_route=\/wp\/v2\/pages\/46","targetHints":{"allow":["GET"]}}],"collection":[{"href":"https:\/\/agroconta.es\/index.php?rest_route=\/wp\/v2\/pages"}],"about":[{"href":"https:\/\/agroconta.es\/index.php?rest_route=\/wp\/v2\/types\/page"}],"author":[{"embeddable":true,"href":"https:\/\/agroconta.es\/index.php?rest_route=\/wp\/v2\/users\/1"}],"replies":[{"embeddable":true,"href":"https:\/\/agroconta.es\/index.php?rest_route=%2Fwp%2Fv2%2Fcomments&post=46"}],"version-history":[{"count":20,"href":"https:\/\/agroconta.es\/index.php?rest_route=\/wp\/v2\/pages\/46\/revisions"}],"predecessor-version":[{"id":88,"href":"https:\/\/agroconta.es\/index.php?rest_route=\/wp\/v2\/pages\/46\/revisions\/88"}],"wp:attachment":[{"href":"https:\/\/agroconta.es\/index.php?rest_route=%2Fwp%2Fv2%2Fmedia&parent=46"}],"curies":[{"name":"wp","href":"https:\/\/api.w.org\/{rel}","templated":true}]}}